82?
0
What is the units digit of 15241?
1
What is the units digit of 934?
4
What is the thousands digit of 80691?
0
What is the tens digit of 10598?
9
What is the units digit of 7?
7
What is the tens digit of 110987?
8
What is the ten thousands digit of 59108?
5
What is the units digit of 5854?
4
What is the hundreds digit of 149?
1
What is the tens digit of 155068?
6
What is the hundreds digit of 20474?
4
What is the hundreds digit of 8583?
5
What is the tens digit of 501?
0
What is the tens digit of 2084?
8
What is the units digit of 137?
7
What is the hundreds digit of 494?
4
What is the hundred thousands digit of 107429?
1
What is the tens digit of 437?
3
What is the units digit of 628?
8
What is the hundreds digit of 4264?
2
What is the tens digit of 32325?
2
What is the units digit of 111609?
9
What is the thousands digit of 80618?
0
What is the units digit of 5477?
7
What is the units digit of 109?
9
What is the tens digit of 4715?
1
What is the units digit of 15248?
8
What is the hundreds digit of 35766?
7
What is the hundreds digit of 130506?
5
What is the tens digit of 22956?
5
What is the hundreds digit of 726?
7
What is the hundreds digit of 6197?
1
What is the tens digit of 7732?
3
What is the thousands digit of 177063?
7
What is the tens digit of 21992?
9
What is the thousands digit of 1715?
1
What is the thousands digit of 3008?
3
What is the thousands digit of 1412?
1
What is the hundreds digit of 1529?
5
What is the tens digit of 4122?
2
What is the hundreds digit of 8931?
9
What is the units digit of 3569?
9
What is the hundreds digit of 1179?
1
What is the tens digit of 3071?
7
What is the tens digit of 598?
9
What is the units digit of 1220?
0
What is the ten thousands digit of 31296?
3
What is the units digit of 1779?
9
What is the hundreds digit of 69644?
6
What is the tens digit of 65661?
6
What is the units digit of 8352?
2
What is the hundreds digit of 3038?
0
What is the tens digit of 1580?
8
What is the hundreds digit of 64448?
4
What is the hundreds digit of 8511?
5
What is the hundreds digit of 13352?
3
What is the hundreds digit of 3078?
0
What is the tens digit of 35414?
1
What is the thousands digit of 46842?
6
What is the units digit of 9483?
3
What is the units digit of 22478?
8
What is the hundreds digit of 8874?
8
What is the thousands digit of 37976?
7
What is the tens digit of 650?
5
What is the hundreds digit of 3198?
1
What is the hundreds digit of 16842?
8
What is the units digit of 19232?
2
What is the thousands digit of 8869?
8
What is the thousands digit of 4076?
4
What is the thousands digit of 4965?
4
What is the thousands digit of 4691?
4
What is the ten thousands digit of 35417?
3
What is the units digit of 43132?
2
What is the units digit of 2218?
8
What is the hundreds digit of 437?
4
What is the hundreds digit of 157448?
4
What is the units digit of 2704?
4
What is the thousands digit of 7172?
7
What is the units digit of 224?
4
What is the thousands digit of 4130?
4
What is the units digit of 7800?
0
What is the units digit of 196?
6
What is the thousands digit of 6572?
6
What is the hundreds digit of 3604?
6
What is the thousands digit of 13422?
3
What is the units digit of 418?
8
What is the ten thousands digit of 32712?
3
What is the hundreds digit of 2373?
3
What is the hundreds digit of 1553?
5
What is the hundreds digit of 1380?
3
What is the hundreds digit of 7455?
4
What is the tens digit of 22333?
3
What is the tens digit of 8492?
9
What is the thousands digit of 3544?
3
What is the thousands digit of 2136?
2
What is the hundreds digit of 4268?
2
What is the hundreds digit of 29720?
7
What is the hundreds digit of 665?
6
What is the tens digit of 2235?
3
What is the ten thousands digit of 17963?
1
What is the thousands digit of 55319?
5
What is the hundreds digit of 1059?
0
What is the hundreds digit of 2767?
7
What is the thousands digit of 3537?
3
What is the hundreds digit of 14688?
6
What is the thousands digit of 44420?
4
What is the units digit of 80345?
5
What is the thousands digit of 3227?
3
What is the hundreds digit of 5793?
7
What is the hundreds digit of 21472?
4
What is the ten thousands digit of 16027?
1
What is the units digit of 56429?
9
What is the units digit of 2701?
1
What is the thousands digit of 42169?
2
What is the hundreds digit of 2120?
1
What is the hundreds digit of 2523?
5
What is the thousands digit of 26429?
6
What is the ten thousands digit of 15819?
1
What is the units digit of 7488?
8
What is the thousands digit of 64476?
4
What is the units digit of 5347?
7
What is the tens digit of 430?
3
What is the units digit of 1595?
5
What is the thousands digit of 3163?
3
What is the thousands digit of 1706?
1
What is the hundreds digit of 602?
6
What is the ten thousands digit of 28121?
2
What is the thousands digit of 2462?
2
What is the thousands digit of 4071?
4
What is the tens digit of 2248?
4
What is the thousands digit of 68687?
8
What is the units digit of 16558?
8
What is the tens digit of 33058?
5
What is the hundreds digit of 19971?
9
What is the units digit of 3595?
5
What is the hundreds digit of 99808?
8
What is the hundreds digit of 6912?
9
What is the units digit of 685?
5
What is the tens digit of 64272?
7
What is the units digit of 12373?
3
What is the units digit of 3499?
9
What is the units digit of 1499?
9
What is the tens digit of 509?
0
What is the tens digit of 3295?
9
What is the thousands digit of 4218?
4
What is the tens digit of 971?
7
What is the ten thousands digit of 23673?
2
What is the hundreds digit of 1472?
4
What is the ten thousands digit of 15522?
1
What is the thousands digit of 4502?
4
What is the hundreds digit of 5283?
2
What is the units digit of 79?
9
What is the tens digit of 10110?
1
What is the units digit of 4140?
0
What is the hundreds digit of 42871?
8
What is the thousands digit of 23259?
3
What is the ten thousands digit of 82661?
8
What is the ten thousands digit of 21484?
2
What is the units digit of 6312?
2
What is the hundreds digit of 24956?
9
What is the hundreds digit of 9272?
2
What is the units digit of 1527?
7
What is the thousands digit of 2262?
2
What is the tens digit of 5929?
2
What is the ten thousands digit of 75642?
7
What is the hundreds digit of 1520?
5
What is the thousands digit of 6848?
6
What is the tens digit of 13215?
1
What is the thousands digit of 2058?
2
What is the tens digit of 626?
2
What is the tens digit of 1809?
0
What is the ten thousands digit of 48575?
4
What is the units digit of 17412?
2
What is the hundreds digit of 34964?
9
What is the tens digit of 12597?
9
What is the units digit of 5966?
6
What is the hundreds digit of 4095?
0
What is the units digit of 43114?
4
What is the hundreds digit of 62249?
2
What is the units digit of 10106?
6
What is the units digit of 36?
6
What is the hundreds digit of 36909?
9
What is the tens digit of 12026?
2
What is the thousands digit of 1831?
1
What is the thousands digit of 5370?
5
What is the thousands digit of 12609?
2
What is the tens digit of 1091?
9
What is the tens digit of 1446?
4
What is the tens digit of 2489?
8
What is the hundreds digit of 16832?
8
What is the hundreds digit of 1857?
8
What is the units digit of 82751?
1
What is the units digit of 1154?
4
What is the ten thousands digit of 72383?
7
What is the tens digit of 5360?
6
What is the tens digit of 4475?
7
What is the units digit of 163598?
8
What is the units digit of 603?
3
What is the thousands digit of 2026?
2
What is the ten thousands digit of 12077?
1
What is the units digit of 172031?
1
What is the tens digit of 39?
3
What is the tens digit of 3770?
7
What is the tens digit of 8603?
0
What is the tens digit of 382?
8
What is the thousands digit of 1281?
1
What is the ten thousands digit of 11328?
1
What is the units digit of 527?
7
What is the units digit of 29514?
4
What is the thousands digit of 4786?
4
What is the tens digit of 5595?
9
What is the tens digit of 2065?
6
What is the hundreds digit of 683?
6
What is the hundreds digit of 1849?
8
What is the units digit of 1019?
9
What is the units digit of 13064?
4
What is the hundreds digit of 452?
4
What is the units digit of 26732?
2
What is the tens digit of 43?
4
What is the units digit of 